168 - 171)?
-2
Evaluate 18 + -2 - (-38 + 62).
-8
What is -34 + 18 + 11 + (1 + 1 - -4)?
1
What is -1266 - -1258 - (-35 - 1)?
28
Calculate 21 + (-10 - (7 + -2)).
6
Evaluate 3 + 3 + (6 - 10 - 5 - -5).
2
-3 + 2 + (2 - (1 - 4))
4
What is the value of 2 - (12 + (-11 - -5)) - (-17 - -14)?
-1
What is the value of (-17 - -44 - -6) + -24?
9
(112 - 118) + (-1 - -6)
-1
Calculate 42 - (6 - 9) - (-1 + -23 - -33).
36
What is 7 + (10 - 1) + -8 + 7?
15
-4 + 20 + -7 - (25 + -36)
20
1 - (1 - -12) - (1138 + -1140)
-10
(-21 - 17 - 21) + 27
-32
What is (-27 + 10 - -14) + -15?
-18
Calculate -18 + -5 + 6 + 5 + (-22 - -15).
-19
Calculate 4 + -4 + (3 - -2) + 54 + -71.
-12
Evaluate -9 + -19 - (8 + -6).
-30
What is the value of 9 + (3 - 2) + 3?
13
What is (-10 - (2 - 0)) + -27 + 52?
13
What is the value of -1 - (13 + 4 + -1 + 6)?
-23
What is 14 + 6 + -9 + 1?
12
7 - 3 - (-7 + 5 - (7 + -8))
5
Evaluate -9 + (-2 + 11 + (11 - 1) - -9).
19
Evaluate -1 - 10 - (353 + -361).
-3
2 + 1 - (206 + -201) - (1 - 19)
16
(-1265 - -1261) + -1 + 12 + -2
5
What is the value of (-18 - -36) + -26 + 15 + 1?
8
Evaluate 0 + -9 + -12 + 12 + 5 + -3.
-7
What is -17 - (9 - 3 - (-1 + (-5 - -8)))?
-21
Evaluate 6 - (6 - (-2 + (2 - -7) + -7)).
0
(-5 - -4) + -2 + (86 - 105)
-22
Evaluate 17 - (31 - (1 - -11)).
-2
Calculate -4 - (6 + -2 + (-9 - -14)).
-13
Calculate -1 + 1 + 15 + 12 + 3 + -11.
19
Evaluate 1 + -4 + (-4 - 0) - 2.
-9
What is 20 + 1 + -12 - -10?
19
0 - -16 - (194 + -179)
1
-14 - -2 - (-41 + 8 + 16)
5
What is the value of 0 + 4 + (-26 - -24) + 3?
5
-34 + (10 - 6) - ((4 - -3) + 0)
-37
Calculate 1 - 11 - -11 - (-1 + -3 + -20).
25
Evaluate -2 - -7 - (-4 + 3 - (-14 + 27)).
19
What is the value of 40 + -14 - (80 - 66)?
12
Evaluate (-4 - 6) + -2 + (12 - 6) + -4.
-10
What is the value of -7 + 2 + 8 - -3?
6
Evaluate -12 - (-3 + 2 - 17).
6
Calculate (-128 - -136) + 3 + 0 + 4.
15
Evaluate -1 + -6 + (-2 + (12 - 8) - 4).
-9
What is the value of (17 - 1) + (-33 + 32 - (6 + 0))?
9
What is 9 + 14 + (-26 - -25)?
22
What is 0 + -3 - (-6 + (53 - 36))?
-14
What is 20 - (-2 - (-10 + (-14 - -26)))?
24
Calculate (-13 + -8 + 11 - -11) + -3.
-2
What is (1 + -3 - (-30 - -40)) + 2 - 14?
-24
-12 + (23 - (15 - 12))
8
(14 - 3) + 8 + -46
-27
What is the value of 1 - 12 - -11 - (3 - -6)?
-9
Evaluate 31 - ((-5 - -12) + 15 + -7).
16
5 + -6 + -1 + 1 + 3
2
What is the value of (-59 - -58) + -10 - (-5 - (1 + 1))?
-4
What is the value of -16 + 5 + 13 - (-2 - 1 - 3)?
8
What is the value of -8 + -11 + (20 - 8) + -8?
-15
Evaluate -11 + 14 - 25 - -5.
-17
What is the value of -27 + 14 - ((3 - 7) + 9)?
-18
What is the value of 251 + -221 + -25 + 0 + 1 + -10?
-4
Calculate 9 - (6 + 8 + -21).
16
What is the value of -10 + 8 + 2 + -10?
-10
Evaluate (35 - (42 + -4)) + (-12 - -2).
-13
Evaluate 5 - (7 + 24 + -14).
-12
What is the value of 1 - ((0 - 3) + 1) - (-1059 + 1056)?
6
11 + (-7 - (-9 + 16 - 6))
3
What is the value of (8 - 3 - -1 - 3) + 634 + -629?
8
What is (4 - (8 - 10 - -23)) + -1 + -1?
-19
What is the value of -8 + -7 - (7 + -3 - (-2 + -5))?
-26
Evaluate (-13 - -10) + -1 + 0 - (0 + -15).
11
-3 - (-3 + (-11 - -3) + 8)
0
What is (1 - 42) + 1 - (36 + -118 + 84)?
-42
-11 - 0 - -18 - (-3 - 0)
10
What is the value of 1 + 12 + (19 - 18) + -53?
-39
Evaluate 4 + -6 + -14 + 8 + 19.
11
What is the value of -3 - (2 + 9 + (9 - 1 - -11))?
-33
Evaluate (3 - (14 + -6 - 1 - 2)) + 0.
-2
5 - (6 + -18 + 0 + -40 + 49)
8
Calculate -25 - (6 - (-9 - -21)) - (3 + -8).
-14
What is the value of 30 + 4 + -34 + 10?
10
Evaluate (-10 - -2 - -20) + -12.
0
What is the value of 11 + -18 + 25 + -36?
-18
1 + (-25 - 3) + 15
-12
(-1 + 5 - ((30 - 4) + -14)) + -3
-11
6 + -1 + (-12 + 13 - 10) + -5
-9
Evaluate -5 - (1 + -15 - 3).
12
What is the value of -15 + (30 - 19) + -23?
-27
Calculate -19 + 18 + (32 - 19) + -50.
-38
What is the value of -5 - ((1 - 11) + 13)?
-8
What is -16 - (-10 + -13 - 3)?
10
What is -11 - (-5 - (-2 - -8 - -8))?
8
Calculate -40 + -14 + (50 - -3).
-1
What is -3 + 21 + -22 + -11?
-15
What is the value of 1 + 6 + -5 + -3 + -6 - -8?
1
2 - (-3 + -2 + -1) - (-2 - 5)
15
What is the value of (46 - 38) + (57 + -35 - (0 - 4))?
34
(-1 - -9 - 6 - -5) + 10
17
What is the value of -25 - ((11 - 11) + -10)?
-15
9 + (1 - 4) - (11 + 8 + -5)
-8
18 + 27 + -29 + (0 - 9)
7
Calculate 2 + 37 - (-40 - -44 - -13).
22
Calculate -3 + -1 + -6 + -28 - (-184 + 175).
-29
Calculate 2 + -16 + (573 - 548).
11
Calculate -8 + (18 - 2) + 1.
9
Evaluate (-4 + -8 - (-7 - -1)) + -14.
-20
Evaluate -6 + -47 + 26 - -50.
23
29 + -46 - -19 - -13
15
What is the value of -5 - (24 + -4 + -11 - (4 - 1))?
-11
(16 - (10 + 1)) + 1 + -5 + -5
-4
Evaluate -3 - (3 + -3 + -8 + 4 - 6).
7
Evaluate 8 - (8 - (-5 + 8)) - (2 + 4).
-3
What is the value of -14 + (-12 + 44 - 8)?
10
What is the value of -5 + -15 + 18 + 4?
2
Calculate -6 - (24 + -68 + 42).
-4
Calculate -13 + (-10 - (-15 + -7)).
-1
Calculate (-9 - (-3 - 10 - -15)) + -3.
-14
What is the value of -101 + 125 + (-36 - -1)?
-11
(3 - -3 - 8) + -1 + (-1 - 33)
-37
What is the value of (22 - (-9 + 15)) + -1 + -2?
13
What is 0 + 4 + (-9 - -3) + (6 - 0)?
4
(4 - -1) + 6 + -7 + -8
-4
Evaluate (-140 - -169) + (-2 - 17).
10
What is the value of 9 + (21 + -21 - 24)?
-15
Evaluate -1 - (-40 - (-41 + 23)).
21
What is 9 + 1 + -5 - (-5 - 3 - -22)?
-9
Calculate (131 - 135) + -2 + (4 - 2).
-4
Evaluate 10 + (-14 - (-13 + 29)).
-20
What is the value of -3 - (-1 - 4 - (-61 - -53))?
-6
7 + 3 + -5 + 9
14
Evaluate 29 - (24 + -19 + 12) - -8.
20
Calculate (13 - 20 - -23) + -14 - 12.
-10
(-244 - -248) + 0 + 5
9
Calculate (-7 + 9 - (-4 + 1 + -7)) + 1.
13
Calculate 12 - 15 - 21 - -22.
-2
Calculate (7 - (30 + 16)) + 17.
-22
Evaluate 6 - (9 + (-9 - -5) + (-1 - -10)).
-8
Evaluate 37 - 0 - (-26 - -57).
6
What is (-2 - -4) + (13 - 15) + 4?
4
What is 8 + 0 + (36 - 48) + -2?
-6
What is 717 + -693 + (0 - 32) + -1 + -7?
-16
-4 + (6 - (-3 + 13) - -12 - 15)
-11
What is the value of (5 - 3) + -12 + 4 - -15?
9
-23 - (7 - 12) - -19
1
What is 0 + 2 + (0 - -3) + (132 - 148)?
-11
What is -2 + -4 + 1 + 12 + -10?
-3
What is the value of 3 - (7 + -9 + 15) - (-1 + 2)?
-11
What is 13 - (-47 - -18) - 17?
25
What is -32 + 45 + 20 + -52?
-19
What is 34 + -4 - (-11 - (-16 - (13 + -6)))?
18
Evaluate -9 + 24 + -34 + 23.
4
-22 + (7 - 3) + -13 - -11
-20
What is the value of (17 - (0 - -6) - 20) + (38 - 5)?
24
What is the value of 326 - 309 - (0 - -35)?
-18
Calculate 9 + -4 + (8 - (6 - -10)) + 3.
0
Calculate -2 + -1 - (5 - -7 - 5).
-10
What is (-20 - -3) + -51 + 55?
-13
What is the value of 1 + (1 + -1 - -9) + (6 - 0)?
16
Calculate 16 + 2 - (20 + -10).
8
13 + 12 + -7 + -12 + 5
11
What is 6 + (0 - (5 - 4) - 4) + -8?
-7
What is 5 + -5 + -15 - -14?
-1
12 + 0 + (6 - 23)
-5
Evaluate (-13 - 3 - -13) + 0 + 0.
-3
Calculate (2 - 3) + 35 + -25.
9
Evaluate (13 + -5 - 20 - -3) + 16.
7
What is (-5 - (3 - 10)) + -3 + -3?
-4
Calculate 22 + -25 + (3 - -12).
12
19 + (-19 - -19 - (7 - (-3 - -3)))
12
Calculate (-3 - 5 - -6 - -1 - -3) + 4.
6
What is the value of 12 + (5 + -4 - 15)?
-2
(-26 - 2 - -3) + 12 + 2 + -3
-14
What is the value of 0 + 1 + (6 - (16 - 2)) - 1?
-8
Calculate (20 - 25) + 13 + 8.
16
Evaluate 1 + -8 + 22 + (-55 - -30).
-10
Calculate (-14 - -6) + -57 + 52.
-13
What is (-7 - (-15 + 10 + 2)) + 8?
4
Calculate 16 + -4 + (5 - 5 - -3) + -5.
10
What is -81 + 67 - (-12 + -7)?
5
What is the value of 2 + (109 - 90) + (-17 - -1)?
5
-21 - (-1 + 15 + -24)
-11
Calculate (10 - (8 + -16)) + 2 + (6 - 3).
23
Evaluate -2 + 0 + (7 - (4 - 6)).
7
Evaluate 0 + (-9 - -3) + -331 + 325.
-12
Calculate (-3 - (11 - 13 - -8)) + (0 - 4).
-13
What is 25 - ((3 - -11) + 2)?
9
What is 22 - ((-7 - -4) + -11) - 5?
31
What is the value of (-1 + 2 - 1) + (-491 - -480)?
-11
What is (2 + -8 - 2) + -11 + 31?
12
-130 + 114 + (6 - 0)
-10
What is the value of 16 + (-14 - 30 - 4) + 1?
-31
What is (-283 - -284) + (1 + 3 - 2) - -12?
15
What is 5 - -8 - 1 - 7 - 15?
-10
(1 - 4) + (-1 - -5 - 11)
-10
What is 5 + (-9 - 7) - -10?
-1
What is 115 + -114 - ((-3 - (-2 - 0)) + 7)?
-5
What is (-6 - (1 + 9 + -11)) + 8?
3
What is (-5 - -13) + -26 + 19?
1
Calculate -4 + 2 + -4 - (26 - 25).
-7
Evaluate (35 - 34) + 3 + 4 + -13 - -18.
13
Evaluate -29 + (3 - 4) + -8 + -23 + 33.
-28
Calculate 5 + (16 - -6 - 7).
20
What is (4 + -6 - (4 - (3 - 2))) + 1?
-4
What is the value of -4 + (5 - 